{"id":3768,"date":"2024-05-10T18:12:18","date_gmt":"2024-05-10T16:12:18","guid":{"rendered":"https:\/\/www.investforbetterclimate.eu\/?page_id=3768"},"modified":"2024-06-13T15:47:51","modified_gmt":"2024-06-13T13:47:51","slug":"doswiadczenie","status":"publish","type":"page","link":"https:\/\/www.investforbetterclimate.eu\/pl\/doswiadczenie\/","title":{"rendered":"Do\u015bwiadczenie"},"content":{"rendered":"\n<div class=\"wp-block-group\"><div class=\"wp-block-group__inner-container is-layout-constrained wp-block-group-is-layout-constrained\">\n<p>Do\u0142\u0105czaj\u0105c do Invest for Better Climate EU, masz mo\u017cliwo\u015b\u0107 uczestniczenia w naszym Circle Experience. Poprzez sw\u00f3j Kr\u0105g nie tylko poszerzysz swoj\u0105 osobist\u0105 wiedz\u0119 na temat inwestowania, ale tak\u017ce zbudujesz zaufan\u0105 spo\u0142eczno\u015b\u0107. B\u0119dziesz mie\u0107, by\u0107 mo\u017ce po raz pierwszy w historii, bezpieczn\u0105 przestrze\u0144 do rozmowy o swoich pieni\u0105dzach z grup\u0105 podobnie my\u015bl\u0105cych inwestor\u00f3w indywidualnych, kt\u00f3rzy zapewni\u0105 Ci zach\u0119t\u0119 i wsparcie potrzebne do osi\u0105gni\u0119cia Twoich cel\u00f3w finansowych.<\/p>\n<\/div><\/div>\n\n\n\n<div class=\"wp-block-group\"><div class=\"wp-block-group__inner-container is-layout-constrained wp-block-group-is-layout-constrained\">\n<h2 class=\"wp-block-heading\"><strong><strong>Jak dzia\u0142aj\u0105 kr\u0119gi<\/strong><\/strong><\/h2>\n\n\n\n<p>Kr\u0119gi IFB to ma\u0142e, prowadzone przez r\u00f3wie\u015bnik\u00f3w grupy licz\u0105ce od 8 do 20 os\u00f3b, kt\u00f3re \u0142\u0105cz\u0105 si\u0119, aby uczy\u0107 si\u0119, dzieli\u0107 osobistymi do\u015bwiadczeniami i wspiera\u0107 si\u0119 nawzajem w stawaniu si\u0119 pewnymi siebie i zgodnymi z warto\u015bciami inwestorami. Do\u015bwiadczenie uczenia si\u0119 obejmuje okresy samodzielnej nauki, comiesi\u0119czne spotkania i buddy accountability.<\/p>\n<\/div><\/div>\n\n\n\n<div class=\"wp-block-group\"><div class=\"wp-block-group__inner-container is-layout-constrained wp-block-group-is-layout-constrained\">\n<h2 class=\"wp-block-heading\"><strong><strong>Struktura okr\u0119gu<\/strong><\/strong><\/h2>\n\n\n\n<p>Uczestnicz\u0105c w IFBC-EU Circle, jeste\u015b w \u015bwietnym towarzystwie. Nasze ko\u0142a obejmuj\u0105:<\/p>\n\n\n\n<div style=\"height:30px\" aria-hidden=\"true\" class=\"wp-block-spacer\"><\/div>\n\n\n<div class=\"wp-block-image is-style-default\">\n<figure class=\"alignleft size-thumbnail is-resized\"><img loading=\"lazy\" decoding=\"async\" width=\"75\" height=\"75\" src=\"https:\/\/www.investforbetterclimate.eu\/wp-content\/uploads\/2024\/05\/01.fw_-75x75.png\" alt=\"\" class=\"wp-image-2670\" style=\"width:50px\" srcset=\"https:\/\/www.investforbetterclimate.eu\/wp-content\/uploads\/2024\/05\/01.fw_-75x75.png 75w, https:\/\/www.investforbetterclimate.eu\/wp-content\/uploads\/2024\/05\/01.fw_.png 200w\" sizes=\"auto, (max-width: 75px) 100vw, 75px\" \/><\/figure>\n<\/div>\n\n\n<p>Grupy 8-20 zr\u00f3\u017cnicowanych inwestor\u00f3w indywidualnych, kt\u00f3rzy zobowi\u0105zuj\u0105 si\u0119 do ~ 1 godziny samodzielnej nauki ka\u017cdego miesi\u0105ca i uczestnictwa w 5 sesjach przez ponad 2 miesi\u0105ce.<\/p>\n\n\n\n<div style=\"height:30px\" aria-hidden=\"true\" class=\"wp-block-spacer\"><\/div>\n\n\n<div class=\"wp-block-image is-style-default\">\n<figure class=\"alignleft size-thumbnail is-resized\"><img loading=\"lazy\" decoding=\"async\" width=\"75\" height=\"75\" src=\"https:\/\/www.investforbetterclimate.eu\/wp-content\/uploads\/2024\/05\/01.fw_-1-75x75.png\" alt=\"\" class=\"wp-image-2673\" style=\"width:50px\" srcset=\"https:\/\/www.investforbetterclimate.eu\/wp-content\/uploads\/2024\/05\/01.fw_-1-75x75.png 75w, https:\/\/www.investforbetterclimate.eu\/wp-content\/uploads\/2024\/05\/01.fw_-1.png 200w\" sizes=\"auto, (max-width: 75px) 100vw, 75px\" \/><\/figure>\n<\/div>\n\n\n<p>Liderzy, kt\u00f3rzy s\u0105 wybierani i szkoleni przez lokalne zespo\u0142y IFBC-EU w celu u\u0142atwiania spotka\u0144 i budowania kultury wsp\u00f3lnych do\u015bwiadcze\u0144 i sp\u00f3jno\u015bci cz\u0142onk\u00f3w ko\u0142a.<\/p>\n\n\n\n<div style=\"height:30px\" aria-hidden=\"true\" class=\"wp-block-spacer\"><\/div>\n\n\n<div class=\"wp-block-image is-style-default\">\n<figure class=\"alignleft size-thumbnail is-resized\"><img loading=\"lazy\" decoding=\"async\" width=\"75\" height=\"75\" src=\"https:\/\/www.investforbetterclimate.eu\/wp-content\/uploads\/2024\/05\/01.fw_-2-75x75.png\" alt=\"\" class=\"wp-image-2675\" style=\"width:50px\" srcset=\"https:\/\/www.investforbetterclimate.eu\/wp-content\/uploads\/2024\/05\/01.fw_-2-75x75.png 75w, https:\/\/www.investforbetterclimate.eu\/wp-content\/uploads\/2024\/05\/01.fw_-2.png 200w\" sizes=\"auto, (max-width: 75px) 100vw, 75px\" \/><\/figure>\n<\/div>\n\n\n<p>Jasno skonstruowany program nauczania zaprojektowany w celu budowania wiedzy i promowania dzia\u0142ania, a jednocze\u015bnie pozostaje wystarczaj\u0105co elastyczny, aby zaspokoi\u0107 unikalne potrzeby ka\u017cdej grupy.<\/p>\n\n\n\n<div style=\"height:30px\" aria-hidden=\"true\" class=\"wp-block-spacer\"><\/div>\n\n\n<div class=\"wp-block-image is-style-default\">\n<figure class=\"alignleft size-thumbnail is-resized\"><img loading=\"lazy\" decoding=\"async\" width=\"75\" height=\"75\" src=\"https:\/\/www.investforbetterclimate.eu\/wp-content\/uploads\/2024\/05\/01.fw_-3-75x75.png\" alt=\"\" class=\"wp-image-2678\" style=\"width:50px\" srcset=\"https:\/\/www.investforbetterclimate.eu\/wp-content\/uploads\/2024\/05\/01.fw_-3-75x75.png 75w, https:\/\/www.investforbetterclimate.eu\/wp-content\/uploads\/2024\/05\/01.fw_-3.png 200w\" sizes=\"auto, (max-width: 75px) 100vw, 75px\" \/><\/figure>\n<\/div>\n\n\n<p>Osoby odpowiedzialne, kt\u00f3re dziel\u0105 z Tob\u0105 podr\u00f3\u017c i pomagaj\u0105 Ci zidentyfikowa\u0107 kolejne kroki, kt\u00f3re chcesz podj\u0105\u0107, aby porusza\u0107 swoimi pieni\u0119dzmi w spos\u00f3b odpowiedzialny finansowo i spo\u0142ecznie.<\/p>\n\n\n\n<div style=\"height:30px\" aria-hidden=\"true\" class=\"wp-block-spacer\"><\/div>\n\n\n\n<p><\/p>\n<\/div><\/div>\n\n\n\n<div class=\"wp-block-group\"><div class=\"wp-block-group__inner-container is-layout-constrained wp-block-group-is-layout-constrained\">\n<h3 class=\"wp-block-heading\">\u015awiadectwa<\/h3>\n\n\n\n    <div class=\"testimonies_slider_box\">\r\n    <ul class=\"slides\">\r\n                <li class=\"\"> \r\n        <div class=\"testimonies_content\">    \r\n                <div class=\"detail\">\t\r\n\t\t\t&#8222;Przy okazji chcia\u0142am tak\u017ce bardzo podzi\u0119kowa\u0107 za bardzo ciekawe i bardzo dobrze przygotowane szkolenie. Dzi\u0119kuj\u0119!&#8221;          \r\n        <\/div>\r\n        <\/div>\r\n\t\t<\/li>\r\n                <li class=\"\"> \r\n        <div class=\"testimonies_content\">    \r\n                <div class=\"detail\">\t\r\n\t\t\t&#8222;Bardzo dzi\u0119kuj\u0119 za przeprowadzone szkolenie! Uczestniczy\u0142o si\u0119 w nim wspaniale, a atmosfera by\u0142a przemi\u0142a.&#8221;          \r\n        <\/div>\r\n        <\/div>\r\n\t\t<\/li>\r\n                <li class=\"\"> \r\n        <div class=\"testimonies_content\">    \r\n                <div class=\"detail\">\t\r\n\t\t\t&#8222;Pani Izabelo, bardzo dzi\u0119kuj\u0119 za tak du\u017c\u0105 ilo\u015b\u0107 przydatnej wiedzy, kt\u00f3r\u0105 Pani nam przekaza\u0142a, na pewno postaram si\u0119 z niej skorzysta\u0107 :)&#8221;          \r\n        <\/div>\r\n        <\/div>\r\n\t\t<\/li>\r\n                <li class=\"\"> \r\n        <div class=\"testimonies_content\">    \r\n                <div class=\"detail\">\t\r\n\t\t\t&#8222;Bardzo dzi\u0119kuj\u0119 za wszystkie godziny sp\u0119dzone efektywnie i w bardzo mi\u0142ej atmosferze&#8221;          \r\n        <\/div>\r\n        <\/div>\r\n\t\t<\/li>\r\n                <li class=\"\"> \r\n        <div class=\"testimonies_content\">    \r\n                <div class=\"detail\">\t\r\n\t\t\t&#8222;Jeszcze raz bardzo dzi\u0119kuj\u0119 za te warsztaty, tak bardzo warto\u015bciowe ale r\u00f3wnie\u017c ciekawe&#8221;          \r\n        <\/div>\r\n        <\/div>\r\n\t\t<\/li>\r\n                <li class=\"\"> \r\n        <div class=\"testimonies_content\">    \r\n                <div class=\"detail\">\t\r\n\t\t\t&#8222;Moim zdaniem cykl spotka\u0144 by\u0142 bardzo potrzebny. Wci\u0105\u017c widz\u0119 ogromn\u0105 przestrze\u0144 do edukacji w tym obszarze.&#8221;          \r\n        <\/div>\r\n        <\/div>\r\n\t\t<\/li>\r\n            <\/ul>\r\n    <\/div>\r\n    \n<\/div><\/div>\n","protected":false},"excerpt":{"rendered":"<p>Do\u0142\u0105czaj\u0105c do Invest for Better Climate EU, masz mo\u017cliwo\u015b\u0107 uczestniczenia w naszym Circle Experience. Poprzez sw\u00f3j Kr\u0105g nie tylko poszerzysz swoj\u0105 osobist\u0105 wiedz\u0119 na temat inwestowania, ale tak\u017ce zbudujesz zaufan\u0105 spo\u0142eczno\u015b\u0107. B\u0119dziesz mie\u0107, by\u0107 mo\u017ce po raz pierwszy w historii, bezpieczn\u0105 przestrze\u0144 do rozmowy o swoich pieni\u0105dzach z grup\u0105 podobnie my\u015bl\u0105cych inwestor\u00f3w indywidualnych, kt\u00f3rzy zapewni\u0105 [&hellip;]<\/p>\n","protected":false},"author":1,"featured_media":0,"parent":0,"menu_order":25,"comment_status":"closed","ping_status":"closed","template":"","meta":{"footnotes":""},"class_list":["post-3768","page","type-page","status-publish","hentry"],"_links":{"self":[{"href":"https:\/\/www.investforbetterclimate.eu\/pl\/wp-json\/wp\/v2\/pages\/3768","targetHints":{"allow":["GET"]}}],"collection":[{"href":"https:\/\/www.investforbetterclimate.eu\/pl\/wp-json\/wp\/v2\/pages"}],"about":[{"href":"https:\/\/www.investforbetterclimate.eu\/pl\/wp-json\/wp\/v2\/types\/page"}],"author":[{"embeddable":true,"href":"https:\/\/www.investforbetterclimate.eu\/pl\/wp-json\/wp\/v2\/users\/1"}],"replies":[{"embeddable":true,"href":"https:\/\/www.investforbetterclimate.eu\/pl\/wp-json\/wp\/v2\/comments?post=3768"}],"version-history":[{"count":6,"href":"https:\/\/www.investforbetterclimate.eu\/pl\/wp-json\/wp\/v2\/pages\/3768\/revisions"}],"predecessor-version":[{"id":3776,"href":"https:\/\/www.investforbetterclimate.eu\/pl\/wp-json\/wp\/v2\/pages\/3768\/revisions\/3776"}],"wp:attachment":[{"href":"https:\/\/www.investforbetterclimate.eu\/pl\/wp-json\/wp\/v2\/media?parent=3768"}],"curies":[{"name":"wp","href":"https:\/\/api.w.org\/{rel}","templated":true}]}}

Doświadczenie

<div class="wp-block-group"><div class="wp-block-group__inner-container is-layout-constrained wp-block-group-is-layout-constrained">
<p>Dołączając do Invest for Better Climate EU, masz możliwość uczestniczenia w naszym Circle Experience. Poprzez swój Krąg nie tylko poszerzysz swoją osobistą wiedzę na temat inwestowania, ale także zbudujesz zaufaną społeczność. Będziesz mieć, być może po raz pierwszy w historii, bezpieczną przestrzeń do rozmowy o swoich pieniądzach z grupą podobnie myślących inwestorów indywidualnych, którzy zapewnią Ci zachętę i wsparcie potrzebne do osiągnięcia Twoich celów finansowych.</p>
</div></div>



<div class="wp-block-group"><div class="wp-block-group__inner-container is-layout-constrained wp-block-group-is-layout-constrained">
<h2 class="wp-block-heading"><strong><strong>Jak działają kręgi</strong></strong></h2>



<p>Kręgi IFB to małe, prowadzone przez rówieśników grupy liczące od 8 do 20 osób, które łączą się, aby uczyć się, dzielić osobistymi doświadczeniami i wspierać się nawzajem w stawaniu się pewnymi siebie i zgodnymi z wartościami inwestorami. Doświadczenie uczenia się obejmuje okresy samodzielnej nauki, comiesięczne spotkania i buddy accountability.</p>
</div></div>



<div class="wp-block-group"><div class="wp-block-group__inner-container is-layout-constrained wp-block-group-is-layout-constrained">
<h2 class="wp-block-heading"><strong><strong>Struktura okręgu</strong></strong></h2>



<p>Uczestnicząc w IFBC-EU Circle, jesteś w świetnym towarzystwie. Nasze koła obejmują:</p>



<div style="height:30px" aria-hidden="true" class="wp-block-spacer"></div>


<div class="wp-block-image is-style-default">
<figure class="alignleft size-thumbnail is-resized"><img loading="lazy" decoding="async" width="75" height="75" src="https://www.investforbetterclimate.eu/wp-content/uploads/2024/05/01.fw_-75x75.png" alt="" class="wp-image-2670" style="width:50px" srcset="https://www.investforbetterclimate.eu/wp-content/uploads/2024/05/01.fw_-75x75.png 75w, https://www.investforbetterclimate.eu/wp-content/uploads/2024/05/01.fw_.png 200w" sizes="auto, (max-width: 75px) 100vw, 75px" /></figure>
</div>


<p>Grupy 8-20 zróżnicowanych inwestorów indywidualnych, którzy zobowiązują się do ~ 1 godziny samodzielnej nauki każdego miesiąca i uczestnictwa w 5 sesjach przez ponad 2 miesiące.</p>



<div style="height:30px" aria-hidden="true" class="wp-block-spacer"></div>


<div class="wp-block-image is-style-default">
<figure class="alignleft size-thumbnail is-resized"><img loading="lazy" decoding="async" width="75" height="75" src="https://www.investforbetterclimate.eu/wp-content/uploads/2024/05/01.fw_-1-75x75.png" alt="" class="wp-image-2673" style="width:50px" srcset="https://www.investforbetterclimate.eu/wp-content/uploads/2024/05/01.fw_-1-75x75.png 75w, https://www.investforbetterclimate.eu/wp-content/uploads/2024/05/01.fw_-1.png 200w" sizes="auto, (max-width: 75px) 100vw, 75px" /></figure>
</div>


<p>Liderzy, którzy są wybierani i szkoleni przez lokalne zespoły IFBC-EU w celu ułatwiania spotkań i budowania kultury wspólnych doświadczeń i spójności członków koła.</p>



<div style="height:30px" aria-hidden="true" class="wp-block-spacer"></div>


<div class="wp-block-image is-style-default">
<figure class="alignleft size-thumbnail is-resized"><img loading="lazy" decoding="async" width="75" height="75" src="https://www.investforbetterclimate.eu/wp-content/uploads/2024/05/01.fw_-2-75x75.png" alt="" class="wp-image-2675" style="width:50px" srcset="https://www.investforbetterclimate.eu/wp-content/uploads/2024/05/01.fw_-2-75x75.png 75w, https://www.investforbetterclimate.eu/wp-content/uploads/2024/05/01.fw_-2.png 200w" sizes="auto, (max-width: 75px) 100vw, 75px" /></figure>
</div>


<p>Jasno skonstruowany program nauczania zaprojektowany w celu budowania wiedzy i promowania działania, a jednocześnie pozostaje wystarczająco elastyczny, aby zaspokoić unikalne potrzeby każdej grupy.</p>



<div style="height:30px" aria-hidden="true" class="wp-block-spacer"></div>


<div class="wp-block-image is-style-default">
<figure class="alignleft size-thumbnail is-resized"><img loading="lazy" decoding="async" width="75" height="75" src="https://www.investforbetterclimate.eu/wp-content/uploads/2024/05/01.fw_-3-75x75.png" alt="" class="wp-image-2678" style="width:50px" srcset="https://www.investforbetterclimate.eu/wp-content/uploads/2024/05/01.fw_-3-75x75.png 75w, https://www.investforbetterclimate.eu/wp-content/uploads/2024/05/01.fw_-3.png 200w" sizes="auto, (max-width: 75px) 100vw, 75px" /></figure>
</div>


<p>Osoby odpowiedzialne, które dzielą z Tobą podróż i pomagają Ci zidentyfikować kolejne kroki, które chcesz podjąć, aby poruszać swoimi pieniędzmi w sposób odpowiedzialny finansowo i społecznie.</p>



<div style="height:30px" aria-hidden="true" class="wp-block-spacer"></div>



<p></p>
</div></div>



<div class="wp-block-group"><div class="wp-block-group__inner-container is-layout-constrained wp-block-group-is-layout-constrained">
<h3 class="wp-block-heading">Świadectwa</h3>



    <div class="testimonies_slider_box">
    <ul class="slides">
                <li class=""> 
        <div class="testimonies_content">    
                <div class="detail">	
			&#8222;Przy okazji chciałam także bardzo podziękować za bardzo ciekawe i bardzo dobrze przygotowane szkolenie. Dziękuję!&#8221;          
        </div>
        </div>
		</li>
                <li class=""> 
        <div class="testimonies_content">    
                <div class="detail">	
			&#8222;Bardzo dziękuję za przeprowadzone szkolenie! Uczestniczyło się w nim wspaniale, a atmosfera była przemiła.&#8221;          
        </div>
        </div>
		</li>
                <li class=""> 
        <div class="testimonies_content">    
                <div class="detail">	
			&#8222;Pani Izabelo, bardzo dziękuję za tak dużą ilość przydatnej wiedzy, którą Pani nam przekazała, na pewno postaram się z niej skorzystać :)&#8221;          
        </div>
        </div>
		</li>
                <li class=""> 
        <div class="testimonies_content">    
                <div class="detail">	
			&#8222;Bardzo dziękuję za wszystkie godziny spędzone efektywnie i w bardzo miłej atmosferze&#8221;          
        </div>
        </div>
		</li>
                <li class=""> 
        <div class="testimonies_content">    
                <div class="detail">	
			&#8222;Jeszcze raz bardzo dziękuję za te warsztaty, tak bardzo wartościowe ale również ciekawe&#8221;          
        </div>
        </div>
		</li>
                <li class=""> 
        <div class="testimonies_content">    
                <div class="detail">	
			&#8222;Moim zdaniem cykl spotkań był bardzo potrzebny. Wciąż widzę ogromną przestrzeń do edukacji w tym obszarze.&#8221;          
        </div>
        </div>
		</li>
            </ul>
    </div>
    
</div></div>

<p>Dołączając do Invest for Better Climate EU, masz możliwość uczestniczenia w naszym Circle Experience. Poprzez swój Krąg nie tylko poszerzysz swoją osobistą wiedzę na temat inwestowania, ale także zbudujesz zaufaną społeczność. Będziesz mieć, być może po raz pierwszy w historii, bezpieczną przestrzeń do rozmowy o swoich pieniądzach z grupą podobnie myślących inwestorów indywidualnych, którzy zapewnią [&hellip;]</p>
